{"id":117739,"date":"2024-05-20T14:29:59","date_gmt":"2023-06-10T12:30:00","guid":{"rendered":"https:\/\/shop.wellnesspatince.sk\/?post_type=product&#038;p=117739"},"modified":"2024-06-04T21:38:15","modified_gmt":"2024-06-04T19:38:15","slug":"thermal-park-egessznapos-belepo-2023-07-1-tol-9-3-ig","status":"publish","type":"product","link":"https:\/\/shop.wellnesspatince.sk\/hu\/termek\/thermal-park-egessznapos-belepo-2023-07-1-tol-9-3-ig\/","title":{"rendered":"Term\u00e1lpark &#8211; Eg\u00e9sznapos bel\u00e9p\u0151 (2024 06.29- 09.1.)"},"content":{"rendered":"<h2><strong>Term\u00e9kle\u00edr\u00e1s<\/strong><\/h2>\n<p><strong>THERMALPARK<\/strong> &#8211; <strong>Eg\u00e9sz napos bel\u00e9p\u0151<\/strong> (bej\u00e1rat a Wellness Hotel Patince-n kereszt\u00fcl) \/ Bel\u00e9p\u00e9s az \u00f6sszes fedett \u00e9s szabadt\u00e9ri term\u00e1lmedenc\u00e9be + ny\u00e1ri strand f\u00fcrd\u0151be<\/p>\n<ul>\n<li><strong>Belt\u00e9ri medenc\u00e9k<\/strong> &#8211; nagy relax\u00e1ci\u00f3s medence, \u00fcl\u0151medence, pezsg\u0151f\u00fcrd\u0151, fedett gyermekmedence v\u00edzics\u00faszd\u00e1val, bels\u0151 ruhat\u00e1r, gyermeksarkak \u00e9s j\u00e1tsz\u00f3terek.<\/li>\n<li><strong style=\"font-size: 16px;\">K\u00fclt\u00e9ri medenc\u00e9k<\/strong><span style=\"font-size: 16px;\"> &#8211; szabadt\u00e9ri gyermekmedence, szabadt\u00e9ri ny\u00e1ri medence cs\u00faszd\u00e1val<\/span><\/li>\n<li><strong style=\"font-size: 16px;\">Ny\u00e1ri strand<\/strong><strong style=\"font-size: 16px;\">f\u00fcrd\u0151 &#8211; <\/strong><span style=\"font-size: 16px;\">rekre\u00e1ci\u00f3s gyermekmedenc\u00e9k, sportmedence, \u00fasz\u00f3medence, \u00fcl\u0151medence<\/span><\/li>\n<\/ul>\n<h2><strong>\u00c9rv\u00e9nyess\u00e9g<\/strong><\/h2>\n<p>A voucher \u00e9rv\u00e9nyes 2024 06.29. &#8211; 09.01. k\u00f6z\u00f6tt. A rendel\u00e9st a Patince Wellness Hotel recepci\u00f3j\u00e1n int\u00e9zheti. K\u00e9rj\u00fck, l\u00e1togat\u00e1sa el\u0151tt ellen\u0151rizze a <a href=\"https:\/\/wellnesspatince.sk\/hu\/nyitvatartasi-ido-es-ertesitesek\/\">nyitvatart\u00e1si id\u0151t.<\/a><\/p>\n","protected":false},"excerpt":{"rendered":"<p><strong>Eg\u00e9sz napos bel\u00e9p\u0151 az \u00f6sszes fedett \u00e9s szabadt\u00e9ri medenc\u00e9hez, valamint a ny\u00e1ri uszod\u00e1hoz.<\/strong><\/p>\n<p>TERM\u00c1LPARK\u00a0 (bel\u00e9p\u00e9s a Wellness Hotel Patince-n kereszt\u00fcl) &#8211; \u00c9lvezze a t\u00f6k\u00e9letes ny\u00e1ri sz\u00f3rakoz\u00e1st a term\u00e1lmedenc\u00e9kben! Ha ide\u00e1lis helyet keres a pihen\u00e9sre \u00e9s felfriss\u00fcl\u00e9sre a ny\u00e1ri h\u00f3napokban, l\u00e1togasson el a Wellness Hotel Patince Thermal Parkj\u00e1ba. Biztos\u00edtjuk a bels\u0151 \u00e9s k\u00fclt\u00e9ri term\u00e1lmedenc\u00e9k hozz\u00e1f\u00e9r\u00e9s\u00e9t, valamint ny\u00e1ri v\u00edzi parkunkba is bel\u00e9p\u00e9st. A bels\u0151 medenc\u00e9k maxim\u00e1lis k\u00e9nyelmet \u00e9s pihen\u00e9st ny\u00fajtanak. \u00c9lvezheti a nagy pihentet\u0151 medenc\u00e9t, az \u00fcl\u0151medenc\u00e9t \u00e9s a pezsg\u0151f\u00fcrd\u0151t, amelyek garant\u00e1ltan ellaz\u00edtj\u00e1k \u00d6nt. A gyermekek sz\u00e1m\u00e1ra egy k\u00fcl\u00f6n bels\u0151 medence \u00e1ll rendelkez\u00e9sre cs\u00faszd\u00e1val, ahol hihetetlen\u00fcl j\u00f3l sz\u00f3rakozhatnak. A k\u00fclt\u00e9ri medenc\u00e9k n\u00e9pszer\u0171 helyek, ahol \u00e9lvezheti a naps\u00fct\u00e9st \u00e9s a kellemes atmoszf\u00e9r\u00e1t. A gyermekek k\u00fclt\u00e9ri medenc\u00e9je \u00e9s a ny\u00e1ri v\u00edzi parkban tal\u00e1lhat\u00f3 cs\u00faszd\u00e1k v\u00e9gtelen sz\u00f3rakoz\u00e1st ny\u00fajtanak a kicsiknek.<br \/>\nA ny\u00e1ri v\u00edzi park val\u00f3di paradicsom a v\u00edzi sz\u00f3rakoz\u00e1st kedvel\u0151knek. Biztos\u00edtjuk a rekre\u00e1ci\u00f3s gyermekmedenc\u00e9t, a kisgyermek medenc\u00e9t, a sportmedenc\u00e9t, az \u00fasz\u00f3medenc\u00e9t, az \u00fcl\u0151medenc\u00e9t \u00e9s a cs\u00faszd\u00e1kat. Mindenki megtal\u00e1lja a sz\u00e1m\u00edt\u00e1s\u00e1t \u00e9s \u00e9lvezheti a v\u00edzi sz\u00f3rakoz\u00e1st \u00e9s felejthetetlen ny\u00e1ri pillanatokat.<\/p>\n<p><strong><span style=\"color: #ff0000;\">A Thermal parkba \u00e9s a Wellness k\u00f6zpontba sz\u00f3l\u00f3 jegyeket legal\u00e1bb 1 nappal a l\u00e1togat\u00e1s el\u0151tt kell megv\u00e1s\u00e1rolni, a v\u00e1s\u00e1rl\u00e1s napj\u00e1n nem \u00e9rv\u00e9nyesek.<\/span><\/strong><\/p>\n<p><strong>Gyermekek 120 cm-ig 1 eur\u00f3\u00e9rt l\u00e9phetnek be, bel\u00e9p\u0151t a jegyp\u00e9nzt\u00e1rban lehet megv\u00e1s\u00e1rolni.<\/strong><\/p>\n","protected":false},"featured_media":124067,"template":"","meta":{"site-sidebar-layout":"default","site-content-layout":"default","ast-site-content-layout":"default","site-content-style":"default","site-sidebar-style":"default","ast-global-header-display":"","ast-banner-title-visibility":"","ast-main-header-display":"","ast-hfb-above-header-display":"","ast-hfb-below-header-display":"","ast-hfb-mobile-header-display":"","site-post-title":"","ast-breadcrumbs-content":"","ast-featured-img":"","footer-sml-layout":"","theme-transparent-header-meta":"default","adv-header-id-meta":"","stick-header-meta":"","header-above-stick-meta":"","header-main-stick-meta":"","header-below-stick-meta":"","astra-migrate-meta-layouts":"default","ast-page-background-enabled":"default","ast-page-background-meta":{"desktop":{"background-color":"","background-image":"","background-repeat":"repeat","background-position":"center center","background-size":"auto","background-attachment":"scroll","background-type":"","background-media":"","overlay-type":"","overlay-color":"","overlay-opacity":"","overlay-gradient":""},"tablet":{"background-color":"","background-image":"","background-repeat":"repeat","background-position":"center center","background-size":"auto","background-attachment":"scroll","background-type":"","background-media":"","overlay-type":"","overlay-color":"","overlay-opacity":"","overlay-gradient":""},"mobile":{"background-color":"","background-image":"","background-repeat":"repeat","background-position":"center center","background-size":"auto","background-attachment":"scroll","background-type":"","background-media":"","overlay-type":"","overlay-color":"","overlay-opacity":"","overlay-gradient":""}},"ast-content-background-meta":{"desktop":{"background-color":"var(--ast-global-color-5)","background-image":"","background-repeat":"repeat","background-position":"center center","background-size":"auto","background-attachment":"scroll","background-type":"","background-media":"","overlay-type":"","overlay-color":"","overlay-opacity":"","overlay-gradient":""},"tablet":{"background-color":"var(--ast-global-color-5)","background-image":"","background-repeat":"repeat","background-position":"center center","background-size":"auto","background-attachment":"scroll","background-type":"","background-media":"","overlay-type":"","overlay-color":"","overlay-opacity":"","overlay-gradient":""},"mobile":{"background-color":"var(--ast-global-color-5)","background-image":"","background-repeat":"repeat","background-position":"center center","background-size":"auto","background-attachment":"scroll","background-type":"","background-media":"","overlay-type":"","overlay-color":"","overlay-opacity":"","overlay-gradient":""}}},"product_brand":[],"product_cat":[118],"product_tag":[],"class_list":{"0":"post-117739","1":"product","2":"type-product","3":"status-publish","4":"has-post-thumbnail","6":"product_cat-medence-szaunavilag","7":"apc-product-has-components","8":"desktop-align-left","9":"tablet-align-left","10":"mobile-align-left","12":"first","13":"instock","14":"taxable","15":"shipping-taxable","16":"purchasable","17":"product-type-variable","18":"has-default-attributes"},"acf":[],"_links":{"self":[{"href":"https:\/\/shop.wellnesspatince.sk\/hu\/wp-json\/wp\/v2\/product\/117739","targetHints":{"allow":["GET"]}}],"collection":[{"href":"https:\/\/shop.wellnesspatince.sk\/hu\/wp-json\/wp\/v2\/product"}],"about":[{"href":"https:\/\/shop.wellnesspatince.sk\/hu\/wp-json\/wp\/v2\/types\/product"}],"wp:featuredmedia":[{"embeddable":true,"href":"https:\/\/shop.wellnesspatince.sk\/hu\/wp-json\/wp\/v2\/media\/124067"}],"wp:attachment":[{"href":"https:\/\/shop.wellnesspatince.sk\/hu\/wp-json\/wp\/v2\/media?parent=117739"}],"wp:term":[{"taxonomy":"product_brand","embeddable":true,"href":"https:\/\/shop.wellnesspatince.sk\/hu\/wp-json\/wp\/v2\/product_brand?post=117739"},{"taxonomy":"product_cat","embeddable":true,"href":"https:\/\/shop.wellnesspatince.sk\/hu\/wp-json\/wp\/v2\/product_cat?post=117739"},{"taxonomy":"product_tag","embeddable":true,"href":"https:\/\/shop.wellnesspatince.sk\/hu\/wp-json\/wp\/v2\/product_tag?post=117739"}],"curies":[{"name":"wp","href":"https:\/\/api.w.org\/{rel}","templated":true}]}}

Termálpark &#8211; Egésznapos belépő (2024 06.29- 09.1.)

<h2><strong>Termékleírás</strong></h2>
<p><strong>THERMALPARK</strong> &#8211; <strong>Egész napos belépő</strong> (bejárat a Wellness Hotel Patince-n keresztül) / Belépés az összes fedett és szabadtéri termálmedencébe + nyári strand fürdőbe</p>
<ul>
<li><strong>Beltéri medencék</strong> &#8211; nagy relaxációs medence, ülőmedence, pezsgőfürdő, fedett gyermekmedence vízicsúszdával, belső ruhatár, gyermeksarkak és játszóterek.</li>
<li><strong style="font-size: 16px;">Kültéri medencék</strong><span style="font-size: 16px;"> &#8211; szabadtéri gyermekmedence, szabadtéri nyári medence csúszdával</span></li>
<li><strong style="font-size: 16px;">Nyári strand</strong><strong style="font-size: 16px;">fürdő &#8211; </strong><span style="font-size: 16px;">rekreációs gyermekmedencék, sportmedence, úszómedence, ülőmedence</span></li>
</ul>
<h2><strong>Érvényesség</strong></h2>
<p>A voucher érvényes 2024 06.29. &#8211; 09.01. között. A rendelést a Patince Wellness Hotel recepcióján intézheti. Kérjük, látogatása előtt ellenőrizze a <a href="https://wellnesspatince.sk/hu/nyitvatartasi-ido-es-ertesitesek/">nyitvatartási időt.</a></p>

<p><strong>Egész napos belépő az összes fedett és szabadtéri medencéhez, valamint a nyári uszodához.</strong></p>
<p>TERMÁLPARK  (belépés a Wellness Hotel Patince-n keresztül) &#8211; Élvezze a tökéletes nyári szórakozást a termálmedencékben! Ha ideális helyet keres a pihenésre és felfrissülésre a nyári hónapokban, látogasson el a Wellness Hotel Patince Thermal Parkjába. Biztosítjuk a belső és kültéri termálmedencék hozzáférését, valamint nyári vízi parkunkba is belépést. A belső medencék maximális kényelmet és pihenést nyújtanak. Élvezheti a nagy pihentető medencét, az ülőmedencét és a pezsgőfürdőt, amelyek garantáltan ellazítják Önt. A gyermekek számára egy külön belső medence áll rendelkezésre csúszdával, ahol hihetetlenül jól szórakozhatnak. A kültéri medencék népszerű helyek, ahol élvezheti a napsütést és a kellemes atmoszférát. A gyermekek kültéri medencéje és a nyári vízi parkban található csúszdák végtelen szórakozást nyújtanak a kicsiknek.<br />
A nyári vízi park valódi paradicsom a vízi szórakozást kedvelőknek. Biztosítjuk a rekreációs gyermekmedencét, a kisgyermek medencét, a sportmedencét, az úszómedencét, az ülőmedencét és a csúszdákat. Mindenki megtalálja a számítását és élvezheti a vízi szórakozást és felejthetetlen nyári pillanatokat.</p>
<p><strong><span style="color: #ff0000;">A Thermal parkba és a Wellness központba szóló jegyeket legalább 1 nappal a látogatás előtt kell megvásárolni, a vásárlás napján nem érvényesek.</span></strong></p>
<p><strong>Gyermekek 120 cm-ig 1 euróért léphetnek be, belépőt a jegypénztárban lehet megvásárolni.</strong></p>
