{"id":132446,"date":"2025-06-05T09:30:11","date_gmt":"2025-06-05T07:30:12","guid":{"rendered":"https:\/\/shop.wellnesspatince.sk\/?post_type=product&#038;p=132446"},"modified":"2025-06-10T12:44:38","modified_gmt":"2025-06-10T10:44:38","slug":"termalpark-3orasbelepo","status":"publish","type":"product","link":"https:\/\/shop.wellnesspatince.sk\/hu\/termek\/termalpark-3orasbelepo\/","title":{"rendered":"NY\u00c1RI STRANDF\u00dcRD\u0150 + TERM\u00c1LPARK &#8211; 3 \u00f3ras bel\u00e9p\u0151"},"content":{"rendered":"<h2><strong>Term\u00e9kle\u00edr\u00e1s<\/strong><\/h2>\n<p><strong>TERM\u00c1LPARK<\/strong> (bej\u00e1rat a Wellness Hotel Patince-n kereszt\u00fcl) \/ 3 \u00f3r\u00e1s bel\u00e9p\u0151 az \u00f6sszes fedett \u00e9s k\u00fclt\u00e9ri term\u00e1lmedenc\u00e9be + ny\u00e1ri strandf\u00fcrd\u0151<\/p>\n<ul>\n<li><strong>Fedett medenc\u00e9k &#8211;<\/strong> nagy relax\u00e1ci\u00f3s medence, \u00fcl\u0151medence, pezsg\u0151f\u00fcrd\u0151, fedett gyermekmedence cs\u00faszd\u00e1val, fedett \u00f6lt\u00f6z\u0151, j\u00e1tsz\u00f3terek \u00e9s j\u00e1tsz\u00f3terek.<\/li>\n<li><strong>K\u00fclt\u00e9ri medenc\u00e9k<\/strong> &#8211; k\u00fclt\u00e9ri gyermekmedence, ny\u00e1ri k\u00fclt\u00e9ri medence cs\u00faszd\u00e1val (2025.6.13. &#8211; 2025.8.31. k\u00f6z\u00f6tt).<\/li>\n<li><strong>Ny\u00e1ri strandf\u00fcrd\u0151<\/strong> &#8211; rekre\u00e1ci\u00f3s gyermekmedence, sportmedence, \u00fcl\u0151medence, v\u00edzics\u00faszd\u00e1k (2025.6.27-t\u0151l &#8211; 2025.8.31.)<\/li>\n<li><strong>Gyermeksarok \u00e9s szabadt\u00e9ri j\u00e1tsz\u00f3terek <\/strong><\/li>\n<\/ul>\n<h2><strong>\u00c9rv\u00e9nyess\u00e9g<\/strong><\/h2>\n<p>Az utalv\u00e1ny 2025. 9. 30-ig \u00e9rv\u00e9nyes. Megrendel\u00e9s\u00e9t a Wellness Hotel Patince jegyp\u00e9nzt\u00e1r\u00e1ban tudja teljes\u00edteni. Az utalv\u00e1ny a v\u00e1s\u00e1rl\u00e1s napj\u00e1n nem haszn\u00e1lhat\u00f3 fel. K\u00e9rj\u00fck, l\u00e1togat\u00e1sa el\u0151tt t\u00e1j\u00e9koz\u00f3djon a nyitva tart\u00e1sr\u00f3l.<\/p>\n","protected":false},"excerpt":{"rendered":"<p><strong>Ny\u00e1ri strandf\u00fcrd\u0151 + Term\u00e1lpark &#8211; 3 \u00f3r\u00e1s bel\u00e9p\u0151jegy<\/strong><br \/>\nL\u00e9pjen be a ny\u00e1ri j\u00f3l\u00e9t \u00e9s kikapcsol\u00f3d\u00e1s vil\u00e1g\u00e1ba! Az \u00f6sszes fedett \u00e9s szabadt\u00e9ri term\u00e1lf\u00fcrd\u0151 v\u00e1rja \u00d6nt, k\u00f6zt\u00fck egy ny\u00e1ri uszoda sz\u00e1mos attrakci\u00f3val. Pihenjen a relax\u00e1ci\u00f3s medenc\u00e9kben, a pezsg\u0151f\u00fcrd\u0151kben, \u00e9s k\u00e9nyeztesse a gyerekeket a v\u00edzics\u00faszd\u00e1kon vagy a gyermekmedenc\u00e9kben val\u00f3 sz\u00f3rakoz\u00e1ssal. T\u00f6k\u00e9letes hely a felfriss\u00fcl\u00e9sre a forr\u00f3 napokon! \ud83c\udf1e\ud83d\udca6<\/p>\n<p><span style=\"color: #ff0000;\"><strong>A Term\u00e1lparkba \u00e9s a Wellnessk\u00f6zpontba sz\u00f3l\u00f3 jegyeket legal\u00e1bb 1 nappal a l\u00e1togat\u00e1s el\u0151tt kell megv\u00e1s\u00e1rolni, a v\u00e1s\u00e1rl\u00e1s napj\u00e1n nem \u00e9rv\u00e9nyesek.<\/strong><\/span><\/p>\n","protected":false},"featured_media":132452,"template":"","meta":{"site-sidebar-layout":"default","site-content-layout":"default","ast-site-content-layout":"default","site-content-style":"default","site-sidebar-style":"default","ast-global-header-display":"","ast-banner-title-visibility":"","ast-main-header-display":"","ast-hfb-above-header-display":"","ast-hfb-below-header-display":"","ast-hfb-mobile-header-display":"","site-post-title":"","ast-breadcrumbs-content":"","ast-featured-img":"","footer-sml-layout":"","theme-transparent-header-meta":"default","adv-header-id-meta":"","stick-header-meta":"","header-above-stick-meta":"","header-main-stick-meta":"","header-below-stick-meta":"","astra-migrate-meta-layouts":"default","ast-page-background-enabled":"default","ast-page-background-meta":{"desktop":{"background-color":"","background-image":"","background-repeat":"repeat","background-position":"center center","background-size":"auto","background-attachment":"scroll","background-type":"","background-media":"","overlay-type":"","overlay-color":"","overlay-opacity":"","overlay-gradient":""},"tablet":{"background-color":"","background-image":"","background-repeat":"repeat","background-position":"center center","background-size":"auto","background-attachment":"scroll","background-type":"","background-media":"","overlay-type":"","overlay-color":"","overlay-opacity":"","overlay-gradient":""},"mobile":{"background-color":"","background-image":"","background-repeat":"repeat","background-position":"center center","background-size":"auto","background-attachment":"scroll","background-type":"","background-media":"","overlay-type":"","overlay-color":"","overlay-opacity":"","overlay-gradient":""}},"ast-content-background-meta":{"desktop":{"background-color":"var(--ast-global-color-5)","background-image":"","background-repeat":"repeat","background-position":"center center","background-size":"auto","background-attachment":"scroll","background-type":"","background-media":"","overlay-type":"","overlay-color":"","overlay-opacity":"","overlay-gradient":""},"tablet":{"background-color":"var(--ast-global-color-5)","background-image":"","background-repeat":"repeat","background-position":"center center","background-size":"auto","background-attachment":"scroll","background-type":"","background-media":"","overlay-type":"","overlay-color":"","overlay-opacity":"","overlay-gradient":""},"mobile":{"background-color":"var(--ast-global-color-5)","background-image":"","background-repeat":"repeat","background-position":"center center","background-size":"auto","background-attachment":"scroll","background-type":"","background-media":"","overlay-type":"","overlay-color":"","overlay-opacity":"","overlay-gradient":""}}},"product_brand":[],"product_cat":[118],"product_tag":[],"class_list":{"0":"post-132446","1":"product","2":"type-product","3":"status-publish","4":"has-post-thumbnail","6":"product_cat-medence-szaunavilag","7":"apc-product-has-components","8":"desktop-align-left","9":"tablet-align-left","10":"mobile-align-left","12":"first","13":"instock","14":"taxable","15":"shipping-taxable","16":"purchasable","17":"product-type-variable","18":"has-default-attributes"},"acf":[],"_links":{"self":[{"href":"https:\/\/shop.wellnesspatince.sk\/hu\/wp-json\/wp\/v2\/product\/132446","targetHints":{"allow":["GET"]}}],"collection":[{"href":"https:\/\/shop.wellnesspatince.sk\/hu\/wp-json\/wp\/v2\/product"}],"about":[{"href":"https:\/\/shop.wellnesspatince.sk\/hu\/wp-json\/wp\/v2\/types\/product"}],"wp:featuredmedia":[{"embeddable":true,"href":"https:\/\/shop.wellnesspatince.sk\/hu\/wp-json\/wp\/v2\/media\/132452"}],"wp:attachment":[{"href":"https:\/\/shop.wellnesspatince.sk\/hu\/wp-json\/wp\/v2\/media?parent=132446"}],"wp:term":[{"taxonomy":"product_brand","embeddable":true,"href":"https:\/\/shop.wellnesspatince.sk\/hu\/wp-json\/wp\/v2\/product_brand?post=132446"},{"taxonomy":"product_cat","embeddable":true,"href":"https:\/\/shop.wellnesspatince.sk\/hu\/wp-json\/wp\/v2\/product_cat?post=132446"},{"taxonomy":"product_tag","embeddable":true,"href":"https:\/\/shop.wellnesspatince.sk\/hu\/wp-json\/wp\/v2\/product_tag?post=132446"}],"curies":[{"name":"wp","href":"https:\/\/api.w.org\/{rel}","templated":true}]}}

NYÁRI STRANDFÜRDŐ + TERMÁLPARK &#8211; 3 óras belépő

<h2><strong>Termékleírás</strong></h2>
<p><strong>TERMÁLPARK</strong> (bejárat a Wellness Hotel Patince-n keresztül) / 3 órás belépő az összes fedett és kültéri termálmedencébe + nyári strandfürdő</p>
<ul>
<li><strong>Fedett medencék &#8211;</strong> nagy relaxációs medence, ülőmedence, pezsgőfürdő, fedett gyermekmedence csúszdával, fedett öltöző, játszóterek és játszóterek.</li>
<li><strong>Kültéri medencék</strong> &#8211; kültéri gyermekmedence, nyári kültéri medence csúszdával (2025.6.13. &#8211; 2025.8.31. között).</li>
<li><strong>Nyári strandfürdő</strong> &#8211; rekreációs gyermekmedence, sportmedence, ülőmedence, vízicsúszdák (2025.6.27-től &#8211; 2025.8.31.)</li>
<li><strong>Gyermeksarok és szabadtéri játszóterek </strong></li>
</ul>
<h2><strong>Érvényesség</strong></h2>
<p>Az utalvány 2025. 9. 30-ig érvényes. Megrendelését a Wellness Hotel Patince jegypénztárában tudja teljesíteni. Az utalvány a vásárlás napján nem használható fel. Kérjük, látogatása előtt tájékozódjon a nyitva tartásról.</p>

<p><strong>Nyári strandfürdő + Termálpark &#8211; 3 órás belépőjegy</strong><br />
Lépjen be a nyári jólét és kikapcsolódás világába! Az összes fedett és szabadtéri termálfürdő várja Önt, köztük egy nyári uszoda számos attrakcióval. Pihenjen a relaxációs medencékben, a pezsgőfürdőkben, és kényeztesse a gyerekeket a vízicsúszdákon vagy a gyermekmedencékben való szórakozással. Tökéletes hely a felfrissülésre a forró napokon! 🌞💦</p>
<p><span style="color: #ff0000;"><strong>A Termálparkba és a Wellnessközpontba szóló jegyeket legalább 1 nappal a látogatás előtt kell megvásárolni, a vásárlás napján nem érvényesek.</strong></span></p>
